f 875 and 38227000?
875
What is the highest common divisor of 1332 and 1025095212?
1332
Calculate the greatest common factor of 1603289210 and 1735.
1735
Calculate the highest common divisor of 3764 and 25420.
4
Calculate the greatest common divisor of 3600 and 7460.
20
What is the greatest common divisor of 30163 and 303583?
217
Calculate the greatest common divisor of 122447296 and 960.
64
Calculate the greatest common divisor of 28693456 and 352.
176
What is the highest common divisor of 52 and 46384964?
4
Calculate the greatest common divisor of 612 and 1558356.
204
Calculate the greatest common divisor of 246 and 237361300.
82
Calculate the highest common divisor of 292025 and 98950.
25
What is the highest common divisor of 6357919 and 7057415?
12491
What is the highest common divisor of 19796560 and 1219?
1219
What is the greatest common divisor of 10217 and 692953?
601
What is the highest common divisor of 1617 and 106903489?
77
What is the greatest common divisor of 707 and 1020383?
7
Calculate the highest common divisor of 1190 and 2557205.
35
Calculate the highest common factor of 40755449 and 28.
7
Calculate the highest common divisor of 57852210 and 390.
390
Calculate the greatest common divisor of 11 and 118779617.
11
What is the highest common factor of 2181 and 1728226581?
2181
What is the greatest common divisor of 659604 and 3993?
33
What is the greatest common divisor of 2997 and 87949?
37
Calculate the highest common divisor of 3716752 and 11984.
1712
Calculate the highest common divisor of 5014 and 728556.
218
What is the greatest common divisor of 2890910 and 164?
82
Calculate the highest common factor of 3 and 2205417.
3
What is the greatest common factor of 14336 and 10864?
112
What is the greatest common divisor of 44975 and 35105?
35
What is the greatest common factor of 33151923 and 117929?
6937
What is the greatest common divisor of 86 and 370343262?
86
Calculate the greatest common factor of 862 and 1069221783.
431
What is the greatest common factor of 101991065 and 1100?
55
What is the greatest common divisor of 1788 and 14261684?
596
Calculate the greatest common divisor of 118734 and 13134.
66
Calculate the greatest common divisor of 43205 and 20635.
5
What is the greatest common divisor of 752247 and 158841?
2997
Calculate the highest common factor of 90 and 2994318.
18
What is the greatest common factor of 80 and 2645284?
4
What is the greatest common factor of 209 and 43380293?
11
Calculate the greatest common factor of 10332311 and 22627.
2057
What is the highest common factor of 110376 and 801759?
1533
What is the greatest common divisor of 1848070 and 1666?
238
What is the greatest common divisor of 1981 and 56728?
7
What is the greatest common factor of 3296 and 4179122?
206
Calculate the highest common divisor of 3035180 and 81925.
565
What is the highest common factor of 5799 and 11625062?
1933
Calculate the highest common divisor of 15533466 and 390.
78
Calculate the greatest common factor of 96102041 and 3682.
1841
Calculate the highest common divisor of 31171 and 25506784.
4453
What is the highest common factor of 115 and 46346880?
5
What is the greatest common factor of 7932276 and 1080?
108
Calculate the greatest common factor of 17520 and 85080.
120
What is the greatest common divisor of 18513 and 338096?
187
Calculate the greatest common divisor of 2469 and 11080049.
823
Calculate the greatest common factor of 5771232 and 580.
116
What is the greatest common divisor of 1392340 and 301?
43
Calculate the highest common factor of 16128 and 15490304.
256
What is the highest common divisor of 687 and 13597791?
687
Calculate the highest common divisor of 27184779 and 75825.
3033
Calculate the highest common divisor of 11655 and 50575.
35
What is the greatest common divisor of 34910654 and 472?
118
What is the highest common factor of 145 and 11706227?
29
Calculate the greatest common factor of 146273421 and 2751.
2751
Calculate the greatest common factor of 33280 and 61312.
128
Calculate the greatest common factor of 17 and 660831667.
17
What is the greatest common factor of 524 and 1655447?
131
What is the greatest common factor of 33578 and 2226551?
103
What is the greatest common divisor of 1769728 and 6696?
248
Calculate the highest common divisor of 16 and 1283128384.
16
Calculate the greatest common factor of 337292 and 5271327.
2279
Calculate the greatest common factor of 133178 and 116042.
34
What is the greatest common divisor of 48780 and 21120?
60
What is the greatest common divisor of 816 and 17824296?
408
What is the highest common factor of 1143980 and 27730?
470
What is the highest common factor of 1544 and 42002?
2
Calculate the greatest common divisor of 7056 and 130513152.
336
Calculate the highest common divisor of 5130 and 5244237.
27
What is the greatest common divisor of 2670 and 209782345?
445
Calculate the greatest common divisor of 1796067 and 51471.
2709
Calculate the greatest common divisor of 26 and 1635545496.
26
Calculate the greatest common divisor of 145714 and 257665.
1777
Calculate the highest common factor of 28316900 and 340.
340
What is the greatest common factor of 1 and 18478974?
1
Calculate the greatest common divisor of 845 and 2477371.
169
Calculate the highest common divisor of 115876426 and 11068.
5534
What is the greatest common factor of 316958599 and 381?
127
What is the greatest common divisor of 10465 and 24806535?
1495
Calculate the highest common factor of 118962883 and 13.
13
What is the highest common factor of 693 and 73532781?
63
What is the highest common divisor of 71184 and 5147493?
4449
What is the highest common factor of 212690415 and 15?
15
Calculate the greatest common divisor of 5479686 and 90.
18
Calculate the highest common factor of 31140188 and 13584.
1132
What is the highest common factor of 60340893 and 177?
177
What is the highest common factor of 12883808 and 984004?
3164
Calculate the highest common factor of 570 and 15000557.
19
Calculate the greatest common divisor of 304 and 50713090.
38
What is the greatest common factor of 723 and 262004355?
723
Calculate the highest common factor of 7357152 and 1312.
32
Calculate the greatest common factor of 6020 and 53621860.
860
What is the greatest common divisor of 49283960 and 1720?
40
Calculate the highest common factor of 75605547 and 201.
201
What is the greatest common divisor of 234677190 and 660?
330
Calculate the highest common factor of 165307 and 848.
53
Calculate the highest common divisor of 322202 and 206302.
2318
Calculate the greatest common divisor of 17689 and 553791.
7
What is the greatest common factor of 415 and 5007473?
83
What is the greatest common divisor of 162 and 21465108?
54
Calculate the greatest common divisor of 5437 and 8.
1
What is the greatest common factor of 783 and 2383461?
9
Calculate the highest common factor of 2331072 and 15.
3
What is the highest common factor of 2516 and 1732401864?
2516
What is the highest common factor of 1485109 and 2?
1
Calculate the greatest common divisor of 117974 and 750056.
122
Calculate the greatest common divisor of 1650 and 847225.
25
Calculate the highest common divisor of 3615 and 262787605.
1205
Calculate the greatest common factor of 14 and 58686908.
14
What is the greatest common divisor of 321 and 56636491?
107
Calculate the greatest common factor of 22705 and 11641690.
1195
What is the greatest common divisor of 26587924 and 3476?
3476
What is the highest common factor of 132 and 78992292?
12
What is the highest common factor of 2767905 and 15120?
945
What is the highest common factor of 38362014 and 18?
18
Calculate the greatest common divisor of 9520 and 187600.
560
Calculate the highest common divisor of 1632 and 287001888.
1632
What is the greatest common factor of 191007 and 5695583?
1117
What is the greatest common divisor of 763 and 7830669?
763
What is the greatest common divisor of 138 and 24748161?
69
Calculate the greatest common factor of 57752 and 181.
1
What is the greatest common divisor of 385474 and 302?
2
What is the highest common factor of 8656580 and 458880?
4780
What is the highest common factor of 112 and 11033988?
28
What is the highest common divisor of 35 and 40647375?
5
What is 